me factors of p(o)?
2, 5
Let v(x) = -11*x**3 - 2*x**2 - 2*x - 2. Let o be v(-2). Suppose d = -2*g - 3*d + 68, -2*d = 3*g - o. List the prime factors of g.
2, 3
Suppose x - 29 = -5. What are the prime factors of x?
2, 3
Let m(r) = r**3 + r**2 + r + 3. Let f be m(0). List the prime factors of -2 + 33/f + 1.
2, 5
Suppose -2*i - 32 = -2*h, 72 = -0*h + 5*h - i. List the prime factors of h.
2, 7
Let s = 9 + 61. Suppose -t = 4*t - s. What are the prime factors of t?
2, 7
Suppose -3*z + 45 = 2*z. Suppose 0 = -5*y + 51 + z. List the prime factors of y.
2, 3
Let o(u) = u**2 + 7*u + 7. Let k(x) = -2*x**2 - 14*x - 13. Let h(g) = -6*k(g) - 11*o(g). Let i be h(-6). List the prime factors of (-2)/(-4) + i/(-2).
3
Suppose 4*l + 5 = 3*l. Let t(g) = 17*g + 24. Let v(u) = 4*u + 6. Let b(n) = 2*t(n) - 9*v(n). What are the prime factors of b(l)?
2
Let k(z) = z + 2. Let h be k(4). What are the prime factors of 68/h - 4/(-6)?
2, 3
Suppose 45*n = 46*n - 202. List the prime factors of n.
2, 101
Let m be 1 + 3/3 + -1. Let l = m - 2. List the prime factors of 30/3 - 1/l.
11
Let t = 138 + -57. List the prime factors of t.
3
Let h(k) be the third derivative of -k**6/120 - 3*k**5/20 + 7*k**3/6 + k**2. What are the prime factors of h(-9)?
7
Let b = 35 - 21. Let a be 1/(-3*(-3)/18). Suppose -4*g + 50 = 5*p + 13, 2*p = a*g - b. What are the prime factors of g?
2
Let x(l) = -l**2 - 6*l - 8. Let j be x(-8). List the prime factors of -4*9/j*2.
3
Let m be (1 - -2) + (2 - 3). Let k(v) = 4 + 4*v**3 + 0*v**2 - 5*v**3 - v**m. List the prime factors of k(0).
2
Let p be 3 + -4 + 3 + -1. Let h = p + 3. Suppose 44 = 3*x - 0*x + h*i, -x = 2*i - 18. List the prime factors of x.
2
Let a be (0 - (0 - 1))*-3. Let y = a - -5. Suppose 0 = y*h - 0 - 4. List the prime factors of h.
2
Suppose 0 = 3*l - 0 - 6. Suppose 2*o - 3*y = -7*y + l, 2*o - 16 = 3*y. Suppose -10 = -o*n + 40. List the prime factors of n.
2, 5
Suppose 0 = i - 3*i - 38. Let o = -4 - i. List the prime factors of o.
3, 5
Let u(o) = o**2 + 10*o. Let r be u(-10). Let k = -1 - r. What are the prime factors of k/2*2*-13?
13
Let m(l) be the second derivative of l**4/4 + 5*l**3/6 - 5*l**2/2 - 9*l. List the prime factors of m(-4).
23
Let f(l) = -5*l - 10. Let h be f(-11). Suppose -z = -6*z + h. List the prime factors of z.
3
Let x = 6 + -4. Suppose -x*r - 1 - 27 = 0. Let f = r + 21. What are the prime factors of f?
7
Suppose -2*x + l = -176, 2*l = 3*x - 179 - 85. List the prime factors of x.
2, 11
Suppose 5*i + s = 845, -2*i + 525 = i - 3*s. List the prime factors of i.
2, 5, 17
Suppose z - 5*m + 4*m + 1 = 0, z + 5*m - 29 = 0. Let l = 9 - z. List the prime factors of l.
5
Let r = -2 - -6. List the prime factors of r/(-10) - 36/(-15).
2
List the prime factors of 1/(-3) - (-2204)/6.
367
Let a(t) be the first derivative of t**4/4 + t**2/2 + 2*t + 2. List the prime factors of a(2).
2, 3
Suppose 41*n - 1420 = 37*n. List the prime factors of n.
5, 71
Let c(s) = s + 3. Let j be c(-9). Let y be (-3 + 26)/((-3)/j). What are the prime factors of (y/(-6))/(3/(-9))?
23
Suppose 0 = -0*j - 2*j. Let h = 1 + j. Let t = 2 + h. What are the prime factors of t?
3
Let d = 14 - 9. What are the prime factors of 69/d - (-6)/30?
2, 7
Let i(z) = -2*z. Let n be i(1). List the prime factors of -3*(4/(-6) + n).
2
Let o = 70 - 36. What are the prime factors of o?
2, 17
Let s = -10 - -11. List the prime factors of s/4 + (-575)/(-20).
29
Let n = -8 - -6. Let l = 15 + n. List the prime factors of l.
13
Let w be (-6)/39 + 76/(-13). Let p(q) = -5*q - 2. What are the prime factors of p(w)?
2, 7
Let g(t) = -t**2 + 6*t - 8. Let k be g(4). Suppose 75 = 3*i - k*i. What are the prime factors of i?
5
Let p(i) = 3*i - 5*i - 1 - i**2 + 4*i. Let n be p(4). List the prime factors of 2/3 + (-75)/n.
3
Suppose -2*j - 4 = -0*j. Let x(m) = -2*m + 2. List the prime factors of x(j).
2, 3
Suppose 0*b - 17 = -b - u, -4*b - u = -53. List the prime factors of 2/3 + 196/b.
17
What are the prime factors of -2 + 0/(-2) + 1926/18?
3, 5, 7
Suppose -m = -4 + 2. Let d(s) = s**3 - 2*s**2 - 2*s + 3. Let y be d(m). What are the prime factors of (-1 - y) + (-18)/(-3)?
2, 3
Let i = 45 + -12. Suppose 2*d - 5*q + 11 = i, 3*q + 51 = 3*d. List the prime factors of d.
3, 7
Suppose 2*n - 2 = f + 7*n, -4*f + 3*n - 8 = 0. Let d be (-2)/2*4*f. Suppose 11 = 5*u + k, 0 = -3*k + k - d. What are the prime factors of u?
3
Suppose 2 + 6 = 4*p. Suppose 0 = -q + g + 27, 2*q - g = -p*g + 69. What are the prime factors of q?
2
Suppose -7*a = -12*a + 215. What are the prime factors of a?
43
Let c(t) = -t + 1. Let u be c(-5). Suppose -8 - u = -2*h. List the prime factors of h.
7
Suppose 0*x + 9 = 3*x. Suppose z = l + 4 - x, 3*l = -4*z + 18. Suppose 0 = z*s - 2 - 19. What are the prime factors of s?
7
Suppose 2*q - 3*i = 1, 5*q = 2*i - 1 + 20. Suppose 2*b = -0*b + 8, q*o + b = 64. What are the prime factors of o?
2, 3
Suppose 14 = 3*a - 10. Suppose -5*g = a - 3, -5*s + g = -11. List the prime factors of s.
2
Let r = -1 + 3. What are the prime factors of r*(-1 + 3 + -1)?
2
Let r(g) = -g**3 - 9*g**2 + 9*g - 10. Let z be r(-10). Suppose -3*s + z*s + 12 = -3*o, o = -s. Suppose 0 = -3*d - s*d + 10. What are the prime factors of d?
2
Suppose 2*s - 3*c = -6*c - 2, -s - 8 = 5*c. Suppose 3*r = -5*w + 13 + 21, 4 = -s*r + 2*w. List the prime factors of r.
3
Let v(i) = -i**2 - 9*i + 19. Let c(a) = -9*a + 1. Let h be c(1). List the prime factors of v(h).
3
Let w(j) = -j**2 - 9*j - 6. Let b be w(-8). List the prime factors of b*1 - (4 + -4).
2
What are the prime factors of (2 + -3)/((-2)/110)?
5, 11
Let x(v) = v. Let z be x(3). Suppose 4*m + 2*o + 46 = 0, -m = 4*m + z*o + 59. List the prime factors of (2/5)/((-1)/m).
2
Suppose -4*o + 682 + 710 = 0. List the prime factors of o.
2, 3, 29
Let c(f) = -5*f - 6. What are the prime factors of c(-7)?
29
Let c(o) = -2*o**3 - 5*o**2 - 3*o. What are the prime factors of c(-3)?
2, 3
Let v = -35 - -191. List the prime factors of v.
2, 3, 13
Suppose 0*p + 2*p - 6 = 0. Let r(l) = p*l - 2 + 0*l - 4*l + 0*l. What are the prime factors of r(-5)?
3
Let z = 4 - -4. Let b = z + -3. What are the prime factors of b?
5
Suppose 0 = -2*k - 0*k + 386. List the prime factors of k.
193
Let j be (4/(-8))/((-2)/(-32)). Let d = -1 - j. What are the prime factors of d?
7
Let x(q) = q**2 - q - 1. What are the prime factors of x(6)?
29
Suppose g - 274 = -2*i, -542 = i - 5*i + g. What are the prime factors of i?
2, 17
Let f be (-20)/(-6)*3/2. Suppose 0 = f*r - 4*i - 8 - 35, -r = -5*i + 4. List the prime factors of r.
11
Let i = 23 - 2. List the prime factors of 15/(-35) + 387/i.
2, 3
Let k(w) = w + 1. Let q(r) = -17*r - 13. Let g(d) = 18*k(d) + 2*q(d). Let y be g(-5). Suppose -2*b - 2*b = -y. What are the prime factors of b?
2, 3
Let k = -11 - -21. List the prime factors of k.
2, 5
Let m(x) = x**3 - 6*x**2 + 12*x - 2. List the prime factors of m(6).
2, 5, 7
Let b = 13 - 9. Suppose -5*k + 93 = 3*d, -b*k + 0*d + 68 = -4*d. Suppose -s = s - k. What are the prime factors of s?
3
Let j = -5 - -8. Let a = j - 0. List the prime factors of (-8)/a*3/(-2).
2
Suppose 2*p + 6 = 2. Let m be (p - (-5)/2)*8. Let r = 2 + m. What are the prime factors of r?
2, 3
Let g = -7 + 28. List the prime factors of g.
3, 7
Let r(f) = f + 6. Suppose -4*g + 2*g = 0. Let i be r(g). Let m = i + -4. What are the prime factors of m?
2
Suppose 2 = 5*x - 38. Suppose 3*w = w + x. List the prime factors of w.
2
Let c = 49 + 18. Let p = c - 39. Let w = p - 13. List the prime factors of w.
3, 5
Suppose -a = -0 - 2. Suppose 2*y + a*s - 16 = 0, 2*s + 3*s - 5 = 2*y. Let g(u) = -u**2 + 5*u + 5. What are the prime factors of g(y)?
5
Let i = 107 + -67. List the prime factors of i.
2, 5
Let j be (-4)/14 - 80/(-35). Suppose -j + 58 = 4*x. What are the prime factors of x?
2, 7
Suppose 0*v - 2*v = -5*w + 182, w - 4*v = 40. List the prime factors of w.
2, 3
Let y(o) = -3*o**3 + 1. Let t be y(-1). Suppose -b = -5*b + x + 19, -t*b + 29 = x. What are the prime factors of b?
2, 3
Suppose 2*d - i + 2 = 4, -3*d - 7 = -4*i. What are the prime factors of d?
3
Suppose -2*a - 2*a = 0. Suppose -4*d - 8 = a, 5*d = -h - 2*h + 98. List the prime factors of h.
2, 3
Let w(f) = f + 4. Let x be w(0). Let l(n) = n**2 - 3*n - 1. What are the prime factors of l(x)?
3
Let x = -55 + 99. What a